{"id":1686,"date":"2021-07-11T13:57:17","date_gmt":"2021-07-11T19:57:17","guid":{"rendered":"http:\/\/asoani.org\/s\/?page_id=1686"},"modified":"2025-03-08T06:46:26","modified_gmt":"2025-03-08T12:46:26","slug":"mesmerize","status":"publish","type":"page","link":"https:\/\/asoani.org\/","title":{"rendered":"Front Page"},"content":{"rendered":"<div  data-label=\"Latest-news\" data-id=\"latest_news--1\" data-export-id=\"blog-section\" data-category=\"latest_news\" class=\"blog-section blog-section-standard content-section content-section-spacing\" id=\"latest_news-1\" style=\"background-color: rgb(255, 255, 255);\"><div  class=\"gridContainer\"> <div  class=\"row\"><div  data-type=\"column\" class=\"section-title-col\"> <h2  class=\"\" style=\"border-bottom-color: rgb(150, 150, 150);\" pwa2-uuid=\"EDITOR-44B-100-E060C-086\" pwa-fake-editor=\"\">NOVEDADES<\/h2> <p  class=\"lead\" pwa2-uuid=\"EDITOR-3A7-873-EC774-92A\" pwa-fake-editor=\"\">En este apartado encontrar\u00e1s art\u00edculos publicados recientemente por Junta Directiva de Asociaci\u00f3n de Abogados y Notarios de Izabal<\/p><\/div> <\/div> <div  class=\"row\"> <div  data-type=\"row\" data-dynamic-columns=\"handled\" data-content-shortcode=\"mesmerize_latest_news columns=&quot;3&quot; \">\t\t<div class=\"row center-sm content-left-sm\">\n\t\t\t\t\t<div id=\"post-3290\" class=\"col-sm-6 col-md-3 space-bottom space-bottom-xs\">\n\t\t\t\t<div class=\"post-content card y-move bordered\">\n\t\t\t\t\t<div class=\"post-thumbnail\">\n   <a href=\"https:\/\/asoani.org\/?p=3290\" class=\"post-list-item-thumb \">\n      \n            <svg class=\"mesmerize-post-list-item-thumb-placeholder\" width=\"890\" height=\"580\" viewBox=\"0 0 890 580\"\n         preserveAspectRatio=\"none\">\n         <rect width=\"890\" height=\"580\" style=\"fill:#CBC9C5;\"><\/rect>\n      <\/svg>\n               <\/a>\n<\/div>\n\t\t\t\t\t<div class=\"col-padding col-padding-xs\">\n\t\t\t\t\t\t<h3 class=\"post-title space-bottom-small\">\n\t\t\t\t\t\t\t<a href=\"https:\/\/asoani.org\/?p=3290\" rel=\"bookmark\">\n\t\t\t\t\t\t\t\tASISTENCIA CONFERENCIA JURISPRUDENCIA LABORAL\t\t\t\t\t\t\t<\/a>\n\t\t\t\t\t\t<\/h3>\n\t\t\t\t\t\t\t\t\t\t\t\t<a class=\"read-more link\" href=\"https:\/\/asoani.org\/?p=3290\">\n\t\t\t\t\t\t\tRead more\t\t\t\t\t\t<\/a>\n\t\t\t\t\t<\/div>\n\t\t\t\t<\/div>\n\t\t\t<\/div>\n\t\t\t\t\t\t<div id=\"post-3105\" class=\"col-sm-6 col-md-3 space-bottom space-bottom-xs\">\n\t\t\t\t<div class=\"post-content card y-move bordered\">\n\t\t\t\t\t<div class=\"post-thumbnail\">\n   <a href=\"https:\/\/asoani.org\/?p=3105\" class=\"post-list-item-thumb \">\n      \n            <svg class=\"mesmerize-post-list-item-thumb-placeholder\" width=\"890\" height=\"580\" viewBox=\"0 0 890 580\"\n         preserveAspectRatio=\"none\">\n         <rect width=\"890\" height=\"580\" style=\"fill:#CBC9C5;\"><\/rect>\n      <\/svg>\n               <\/a>\n<\/div>\n\t\t\t\t\t<div class=\"col-padding col-padding-xs\">\n\t\t\t\t\t\t<h3 class=\"post-title space-bottom-small\">\n\t\t\t\t\t\t\t<a href=\"https:\/\/asoani.org\/?p=3105\" rel=\"bookmark\">\n\t\t\t\t\t\t\t\tCONFERENCIA LINEAMIENTOS SOBRE NORMAS CHICAGO Y HERRAMIENTAS DE TESIS\t\t\t\t\t\t\t<\/a>\n\t\t\t\t\t\t<\/h3>\n\t\t\t\t\t\t\t\t\t\t\t\t<a class=\"read-more link\" href=\"https:\/\/asoani.org\/?p=3105\">\n\t\t\t\t\t\t\tRead more\t\t\t\t\t\t<\/a>\n\t\t\t\t\t<\/div>\n\t\t\t\t<\/div>\n\t\t\t<\/div>\n\t\t\t\t\t\t<div id=\"post-2996\" class=\"col-sm-6 col-md-3 space-bottom space-bottom-xs\">\n\t\t\t\t<div class=\"post-content card y-move bordered\">\n\t\t\t\t\t<div class=\"post-thumbnail\">\n   <a href=\"https:\/\/asoani.org\/?p=2996\" class=\"post-list-item-thumb \">\n      \n            <svg class=\"mesmerize-post-list-item-thumb-placeholder\" width=\"890\" height=\"580\" viewBox=\"0 0 890 580\"\n         preserveAspectRatio=\"none\">\n         <rect width=\"890\" height=\"580\" style=\"fill:#CBC9C5;\"><\/rect>\n      <\/svg>\n               <\/a>\n<\/div>\n\t\t\t\t\t<div class=\"col-padding col-padding-xs\">\n\t\t\t\t\t\t<h3 class=\"post-title space-bottom-small\">\n\t\t\t\t\t\t\t<a href=\"https:\/\/asoani.org\/?p=2996\" rel=\"bookmark\">\n\t\t\t\t\t\t\t\tCONFERENCIA JURISPRUDENCIA LABORAL\t\t\t\t\t\t\t<\/a>\n\t\t\t\t\t\t<\/h3>\n\t\t\t\t\t\t\t\t\t\t\t\t<a class=\"read-more link\" href=\"https:\/\/asoani.org\/?p=2996\">\n\t\t\t\t\t\t\tRead more\t\t\t\t\t\t<\/a>\n\t\t\t\t\t<\/div>\n\t\t\t\t<\/div>\n\t\t\t<\/div>\n\t\t\t\t\t\t<div id=\"post-2993\" class=\"col-sm-6 col-md-3 space-bottom space-bottom-xs\">\n\t\t\t\t<div class=\"post-content card y-move bordered\">\n\t\t\t\t\t<div class=\"post-thumbnail\">\n   <a href=\"https:\/\/asoani.org\/?p=2993\" class=\"post-list-item-thumb \">\n      \n            <svg class=\"mesmerize-post-list-item-thumb-placeholder\" width=\"890\" height=\"580\" viewBox=\"0 0 890 580\"\n         preserveAspectRatio=\"none\">\n         <rect width=\"890\" height=\"580\" style=\"fill:#CBC9C5;\"><\/rect>\n      <\/svg>\n               <\/a>\n<\/div>\n\t\t\t\t\t<div class=\"col-padding col-padding-xs\">\n\t\t\t\t\t\t<h3 class=\"post-title space-bottom-small\">\n\t\t\t\t\t\t\t<a href=\"https:\/\/asoani.org\/?p=2993\" rel=\"bookmark\">\n\t\t\t\t\t\t\t\tCONFERENCIA LINEAMIENTOS SOBRE NORMAS CHICAGO Y HERRAMIENTAS DE TESIS\t\t\t\t\t\t\t<\/a>\n\t\t\t\t\t\t<\/h3>\n\t\t\t\t\t\t\t\t\t\t\t\t<a class=\"read-more link\" href=\"https:\/\/asoani.org\/?p=2993\">\n\t\t\t\t\t\t\tRead more\t\t\t\t\t\t<\/a>\n\t\t\t\t\t<\/div>\n\t\t\t\t<\/div>\n\t\t\t<\/div>\n\t\t\t\t<\/div>\n\t<\/div><\/div> <div  class=\"row\"><div  class=\"text-center\"> <a  class=\"button color1\" data-attr-shortcode=\"href:mesmerize_blog_link\" href=\"https:\/\/asoani.org\/?page_id=1688\">Click<\/a><\/div> <\/div><\/div><\/div><div  data-label=\"Content\" data-id=\"content--1\" data-export-id=\"content-7\" data-category=\"content\" class=\"content-7 content-section content-section-spacing\" id=\"content-1\" style=\"background-color: rgb(245, 250, 253);\"><div  class=\"gridContainer\"> <div  class=\"row middle-sm\"><div  class=\"col-sm-6 space-bottom-xs\" data-type=\"column\"> <h2  class=\"\" pwa2-uuid=\"EDITOR-A68-198-6D24A-BC0\" pwa-fake-editor=\"\">Proyecto FOCUS GROUP<\/h2> <p  class=\"\" pwa2-uuid=\"EDITOR-570-562-ED09F-8A7\" pwa-fake-editor=\"\">En espa\u00f1ol \u00abgrupos de discusi\u00f3n\u00bb son un m\u00e9todo de investigaci\u00f3n de tipo cualitativo en el que la Asociaci\u00f3n pretende reunir a un conjunto de abogados y notarios del departamento de Izaba para que participen dando sus opiniones, experiencias y posibles soluciones en procesos legales. Esperando lograr conseguir informaci\u00f3n y extraer los problemas legales latentes para poder gestionar ante las instituciones del departamento y dise\u00f1ar una soluci\u00f3n pertinente y posible para el gremio de abogados y notarios de Izabal.<\/p> <a  class=\"button color1\" href=\"https:\/\/asoani.org?p=2847\" target=\"_self\" data-cp-link=\"1\" rel=\"noopener\">AGENDA FOCUS GROUP<\/a><\/div> <div  class=\"col-sm-6\" data-type=\"column\"> <a  data-cp-link=\"1\" href=\"https:\/\/www.facebook.com\/share\/v\/vg6TwCtqg9z5Qk8W\" class=\"\" target=\"_self\" rel=\"noopener\"><img  decoding=\"async\" class=\"shadow-large\" src=\"https:\/\/asoani.org\/wp-content\/uploads\/2024\/07\/cropped-Sin-titulo.jpg\" title=\"cropped-Sin-titulo.jpg\" alt=\"\"><\/a><\/div> <\/div><\/div> <\/div><div  data-label=\"Content\" data-id=\"content--2\" data-export-id=\"content-12\" data-category=\"content\" class=\"content-12 content-section content-section-spacing\" id=\"content-2\" style=\"background-color: rgb(255, 255, 255);\"><div  class=\"gridContainer\"> <div  class=\"row text-center\"><div  class=\"section-title-col\" data-type=\"column\"> <h2  class=\"\" pwa2-uuid=\"EDITOR-34C-638-EC05D-F8E\" pwa-fake-editor=\"\">PODCAST ASOANI<\/h2> <p  class=\"lead\" pwa2-uuid=\"EDITOR-6DC-C36-A564D-426\" pwa-fake-editor=\"\">Para la Junta Directiva de la Asociaci\u00f3n de Abogados y Notarios de Izabal es un honor presentarles el lanzamiento del proyecto -Podcast ASOANI- <br >Disponible a partir del 8 de marzo del 2025 el primer episodio en www.asoani.org con el tema \u201cEl D\u00eda Internacional de la Mujer con Voces de Abogadas Inspiradoras\u201d. <br >Del gremio para el gremio.Para la Junta Directiva de la Asociaci\u00f3n de Abogados y Notarios de Izabal es un honor presentarles el lanzamiento del proyecto -Podcast ASOANI- <br >Disponible a partir del 8 de marzo del 2025 el primer episodio en www.asoani.org con el tema \u201cEl D\u00eda Internacional de la Mujer con Voces de Abogadas Inspiradoras\u201d. <br ><br >Del gremio para el gremio.<\/p><a class=\"link\"  href=\"https:\/\/www.facebook.com\/share\/v\/15bEaXJTP3\" target=\"_self\" data-cp-link=\"1\">Reproducci\u00f3n Primer Episodio<\/a><\/div> <\/div> <div  class=\"row center-xs middle-xs\"> <div  class=\"col-sm-9\" data-type=\"column\"> <img decoding=\"async\"  class=\"shadow-large\" src=\"https:\/\/asoani.org\/wp-content\/uploads\/2025\/03\/cropped-WhatsApp-Image-2025-03-05-at-3.08.51-PM.jpeg\" title=\"cropped-WhatsApp-Image-2025-03-05-at-3.08.51-PM.jpeg\" alt=\"\" pwa2-uuid=\"EDITOR-BD1-0ED-EF4A9-85E\" pwa-fake-editor=\"\"><\/div> <\/div><\/div> <\/div>","protected":false},"excerpt":{"rendered":"<p>NOVEDADES En este apartado encontrar\u00e1s art\u00edculos publicados recientemente por Junta Directiva de Asociaci\u00f3n de Abogados y Notarios de Izabal Click Proyecto FOCUS GROUP En espa\u00f1ol \u00abgrupos de discusi\u00f3n\u00bb son un m\u00e9todo de investigaci\u00f3n de tipo cualitativo en el que la Asociaci\u00f3n pretende reunir a un conjunto de abogados y notarios del departamento de Izaba para&hellip; <br \/> <a class=\"read-more\" href=\"https:\/\/asoani.org\/?p=2993\">Leer m\u00e1s<\/a><\/p>\n","protected":false},"author":4,"featured_media":0,"parent":0,"menu_order":0,"comment_status":"closed","ping_status":"closed","template":"page-templates\/homepage.php","meta":{"footnotes":""},"class_list":["post-1686","page","type-page","status-publish","hentry"],"aioseo_notices":[],"_links":{"self":[{"href":"https:\/\/asoani.org\/index.php?rest_route=\/wp\/v2\/pages\/1686","targetHints":{"allow":["GET"]}}],"collection":[{"href":"https:\/\/asoani.org\/index.php?rest_route=\/wp\/v2\/pages"}],"about":[{"href":"https:\/\/asoani.org\/index.php?rest_route=\/wp\/v2\/types\/page"}],"author":[{"embeddable":true,"href":"https:\/\/asoani.org\/index.php?rest_route=\/wp\/v2\/users\/4"}],"replies":[{"embeddable":true,"href":"https:\/\/asoani.org\/index.php?rest_route=%2Fwp%2Fv2%2Fcomments&post=1686"}],"version-history":[{"count":7,"href":"https:\/\/asoani.org\/index.php?rest_route=\/wp\/v2\/pages\/1686\/revisions"}],"predecessor-version":[{"id":2939,"href":"https:\/\/asoani.org\/index.php?rest_route=\/wp\/v2\/pages\/1686\/revisions\/2939"}],"wp:attachment":[{"href":"https:\/\/asoani.org\/index.php?rest_route=%2Fwp%2Fv2%2Fmedia&parent=1686"}],"curies":[{"name":"wp","href":"https:\/\/api.w.org\/{rel}","templated":true}]}}